{"id":6068,"date":"2025-08-07T12:00:55","date_gmt":"2025-08-07T12:00:55","guid":{"rendered":"https:\/\/keyecommerce.com.tr\/?post_type=product&#038;p=6068"},"modified":"2025-08-11T18:23:47","modified_gmt":"2025-08-11T18:23:47","slug":"nasil-satis-yapabilirim-satis-egitim-kitapcigi","status":"publish","type":"product","link":"https:\/\/keyecommerce.com.tr\/?product=nasil-satis-yapabilirim-satis-egitim-kitapcigi","title":{"rendered":"&#8220;Nas\u0131l Sat\u0131\u015f Yapabilirim ?&#8221; Sat\u0131\u015f E\u011fitim Kitap\u00e7\u0131\u011f\u0131"},"content":{"rendered":"\n<p id=\"block-JtowjDfaky\" class=\"wp-block-nectar-blocks-text nectar-blocks-text\"><\/p>\n","protected":false},"excerpt":{"rendered":"<p>Y\u00fcz y\u00fcze, telefonla veya kendi platformunuzdan sat\u0131\u015fta ba\u015far\u0131ya ula\u015fman\u0131n form\u00fcl\u00fc elinizde!<br \/>\nBu kitap\u00e7\u0131kla, m\u00fc\u015fterileri ikna eden ve sat\u0131\u015fa d\u00f6n\u00fc\u015ft\u00fcren teknikleri \u00f6\u011frenin.<\/p>\n<p>Bu rehber, profesyonel sat\u0131\u015f d\u00fcnyas\u0131nda kullan\u0131lan en etkili teknikleri pratik ad\u0131mlarla sunar.<br \/>\n\u0130ster yeni ba\u015flay\u0131n ister deneyimli olun, bu bilgilerle d\u00f6n\u00fc\u015f\u00fcm oran\u0131n\u0131z\u0131 art\u0131rabilirsiniz.<br \/>\n\u0130tirazlar\u0131 f\u0131rsata \u00e7evirmeyi, g\u00fcven olu\u015fturan sat\u0131\u015f dili kullanmay\u0131 ve psikolojik ikna tekniklerini \u00f6\u011frenerek daha fazla sat\u0131\u015f kapatabilirsiniz.<\/p>\n<p>\u00d6ne \u00c7\u0131kan Avantajlar<br \/>\n\t\u2022\t\u2705 \u0130kna edici ileti\u015fim teknikleri<br \/>\n\t\u2022\t\u2705 \u0130tiraz y\u00f6netimi ve d\u00f6n\u00fc\u015f\u00fcm stratejileri<br \/>\n\t\u2022\t\u2705 Sat\u0131\u015f\u0131 sonu\u00e7land\u0131rma y\u00f6ntemleri<br \/>\n\t\u2022\t\u2705 Telefonla sat\u0131\u015f\u0131n incelikleri<br \/>\n\t\u2022\t\u2705 Psikolojik ikna taktikleri<br \/>\n\t\u2022\t\u2705 Haz\u0131r sat\u0131\u015f senaryolar\u0131 ve ad\u0131m ad\u0131m uygulama planlar\u0131<\/p>\n<p>\ud83d\udcbc Sat\u0131\u015fta ustala\u015f\u0131n! Sat\u0131\u015f Kitap\u00e7\u0131\u011f\u0131n\u0131 \u015fimdi edinin, ikna g\u00fcc\u00fcn\u00fcz\u00fc\u00a0art\u0131r\u0131n.<\/p>\n","protected":false},"featured_media":6070,"comment_status":"closed","ping_status":"closed","template":"","meta":{"_nectar_blocks_hide_post_title":false,"_nectar_blocks_transparent_header_effect":false,"_nectar_blocks_transparent_header_effect_color":"light","_nectar_blocks_header_animation":false,"_nectar_blocks_header_animation_delay":0,"_nectar_blocks_header_animation_effect":"fade","_nectar_blocks_page_css":"","_nectar_blocks_page_js":""},"product_brand":[],"product_cat":[53],"product_tag":[],"class_list":{"0":"post-6068","1":"product","2":"type-product","3":"status-publish","4":"has-post-thumbnail","6":"product_cat-dijital-kitaplar","8":"first","9":"instock","10":"sale","11":"downloadable","12":"virtual","13":"sold-individually","14":"taxable","15":"purchasable","16":"product-type-simple"},"yoast_head":"<!-- This site is optimized with the Yoast SEO plugin v25.7 - https:\/\/yoast.com\/wordpress\/plugins\/seo\/ -->\n<title>&quot;Nas\u0131l Sat\u0131\u015f Yapabilirim ?&quot; Sat\u0131\u015f E\u011fitim Kitap\u00e7\u0131\u011f\u0131 - KEY E-Commerce<\/title>\n<meta name=\"robots\" content=\"index, follow, max-snippet:-1, max-image-preview:large, max-video-preview:-1\" \/>\n<link rel=\"canonical\" href=\"https:\/\/keyecommerce.com.tr\/?product=nasil-satis-yapabilirim-satis-egitim-kitapcigi\" \/>\n<meta property=\"og:locale\" content=\"tr_TR\" \/>\n<meta property=\"og:type\" content=\"article\" \/>\n<meta property=\"og:title\" content=\"&quot;Nas\u0131l Sat\u0131\u015f Yapabilirim ?&quot; Sat\u0131\u015f E\u011fitim Kitap\u00e7\u0131\u011f\u0131 - KEY E-Commerce\" \/>\n<meta property=\"og:description\" content=\"Y\u00fcz y\u00fcze, telefonla veya kendi platformunuzdan sat\u0131\u015fta ba\u015far\u0131ya ula\u015fman\u0131n form\u00fcl\u00fc elinizde! Bu kitap\u00e7\u0131kla, m\u00fc\u015fterileri ikna eden ve sat\u0131\u015fa d\u00f6n\u00fc\u015ft\u00fcren teknikleri \u00f6\u011frenin.  Bu rehber, profesyonel sat\u0131\u015f d\u00fcnyas\u0131nda kullan\u0131lan en etkili teknikleri pratik ad\u0131mlarla sunar. \u0130ster yeni ba\u015flay\u0131n ister deneyimli olun, bu bilgilerle d\u00f6n\u00fc\u015f\u00fcm oran\u0131n\u0131z\u0131 art\u0131rabilirsiniz. \u0130tirazlar\u0131 f\u0131rsata \u00e7evirmeyi, g\u00fcven olu\u015fturan sat\u0131\u015f dili kullanmay\u0131 ve psikolojik ikna tekniklerini \u00f6\u011frenerek daha fazla sat\u0131\u015f kapatabilirsiniz.  \u00d6ne \u00c7\u0131kan Avantajlar  \u2022 \u2705 \u0130kna edici ileti\u015fim teknikleri  \u2022 \u2705 \u0130tiraz y\u00f6netimi ve d\u00f6n\u00fc\u015f\u00fcm stratejileri  \u2022 \u2705 Sat\u0131\u015f\u0131 sonu\u00e7land\u0131rma y\u00f6ntemleri  \u2022 \u2705 Telefonla sat\u0131\u015f\u0131n incelikleri  \u2022 \u2705 Psikolojik ikna taktikleri  \u2022 \u2705 Haz\u0131r sat\u0131\u015f senaryolar\u0131 ve ad\u0131m ad\u0131m uygulama planlar\u0131  \ud83d\udcbc Sat\u0131\u015fta ustala\u015f\u0131n! Sat\u0131\u015f Kitap\u00e7\u0131\u011f\u0131n\u0131 \u015fimdi edinin, ikna g\u00fcc\u00fcn\u00fcz\u00fc\u00a0art\u0131r\u0131n.\" \/>\n<meta property=\"og:url\" content=\"https:\/\/keyecommerce.com.tr\/?product=nasil-satis-yapabilirim-satis-egitim-kitapcigi\" \/>\n<meta property=\"og:site_name\" content=\"KEY E-Commerce\" \/>\n<meta property=\"article:modified_time\" content=\"2025-08-11T18:23:47+00:00\" \/>\n<meta property=\"og:image\" content=\"https:\/\/keyecommerce.com.tr\/wp-content\/uploads\/2025\/08\/Key-Kitapcik-Satis-1-717x1024.png\" \/>\n\t<meta property=\"og:image:width\" content=\"717\" \/>\n\t<meta property=\"og:image:height\" content=\"1024\" \/>\n\t<meta property=\"og:image:type\" content=\"image\/png\" \/>\n<meta name=\"twitter:card\" content=\"summary_large_image\" \/>\n<meta name=\"twitter:site\" content=\"@key_ecommerce\" \/>\n<meta name=\"twitter:label1\" content=\"Tahmini okuma s\u00fcresi\" \/>\n\t<meta name=\"twitter:data1\" content=\"1 dakika\" \/>\n<script type=\"application\/ld+json\" class=\"yoast-schema-graph\">{\"@context\":\"https:\/\/schema.org\",\"@graph\":[{\"@type\":\"WebPage\",\"@id\":\"https:\/\/keyecommerce.com.tr\/?product=nasil-satis-yapabilirim-satis-egitim-kitapcigi\",\"url\":\"https:\/\/keyecommerce.com.tr\/?product=nasil-satis-yapabilirim-satis-egitim-kitapcigi\",\"name\":\"\\\"Nas\u0131l Sat\u0131\u015f Yapabilirim ?\\\" Sat\u0131\u015f E\u011fitim Kitap\u00e7\u0131\u011f\u0131 - KEY E-Commerce\",\"isPartOf\":{\"@id\":\"https:\/\/keyecommerce.com.tr\/#website\"},\"primaryImageOfPage\":{\"@id\":\"https:\/\/keyecommerce.com.tr\/?product=nasil-satis-yapabilirim-satis-egitim-kitapcigi#primaryimage\"},\"image\":{\"@id\":\"https:\/\/keyecommerce.com.tr\/?product=nasil-satis-yapabilirim-satis-egitim-kitapcigi#primaryimage\"},\"thumbnailUrl\":\"https:\/\/keyecommerce.com.tr\/wp-content\/uploads\/2025\/08\/Key-Kitapcik-Satis-1.png\",\"datePublished\":\"2025-08-07T12:00:55+00:00\",\"dateModified\":\"2025-08-11T18:23:47+00:00\",\"breadcrumb\":{\"@id\":\"https:\/\/keyecommerce.com.tr\/?product=nasil-satis-yapabilirim-satis-egitim-kitapcigi#breadcrumb\"},\"inLanguage\":\"tr\",\"potentialAction\":[{\"@type\":\"ReadAction\",\"target\":[\"https:\/\/keyecommerce.com.tr\/?product=nasil-satis-yapabilirim-satis-egitim-kitapcigi\"]}]},{\"@type\":\"ImageObject\",\"inLanguage\":\"tr\",\"@id\":\"https:\/\/keyecommerce.com.tr\/?product=nasil-satis-yapabilirim-satis-egitim-kitapcigi#primaryimage\",\"url\":\"https:\/\/keyecommerce.com.tr\/wp-content\/uploads\/2025\/08\/Key-Kitapcik-Satis-1.png\",\"contentUrl\":\"https:\/\/keyecommerce.com.tr\/wp-content\/uploads\/2025\/08\/Key-Kitapcik-Satis-1.png\",\"width\":3584,\"height\":5120},{\"@type\":\"BreadcrumbList\",\"@id\":\"https:\/\/keyecommerce.com.tr\/?product=nasil-satis-yapabilirim-satis-egitim-kitapcigi#breadcrumb\",\"itemListElement\":[{\"@type\":\"ListItem\",\"position\":1,\"name\":\"Home\",\"item\":\"https:\/\/keyecommerce.com.tr\/\"},{\"@type\":\"ListItem\",\"position\":2,\"name\":\"Shop\",\"item\":\"https:\/\/keyecommerce.com.tr\/?page_id=5141\"},{\"@type\":\"ListItem\",\"position\":3,\"name\":\"&#8220;Nas\u0131l Sat\u0131\u015f Yapabilirim ?&#8221; Sat\u0131\u015f E\u011fitim Kitap\u00e7\u0131\u011f\u0131\"}]},{\"@type\":\"WebSite\",\"@id\":\"https:\/\/keyecommerce.com.tr\/#website\",\"url\":\"https:\/\/keyecommerce.com.tr\/\",\"name\":\"KEY E-Commerce\",\"description\":\"E-ticarette ba\u015far\u0131n\u0131n anahtar\u0131!\",\"publisher\":{\"@id\":\"https:\/\/keyecommerce.com.tr\/#organization\"},\"potentialAction\":[{\"@type\":\"SearchAction\",\"target\":{\"@type\":\"EntryPoint\",\"urlTemplate\":\"https:\/\/keyecommerce.com.tr\/?s={search_term_string}\"},\"query-input\":{\"@type\":\"PropertyValueSpecification\",\"valueRequired\":true,\"valueName\":\"search_term_string\"}}],\"inLanguage\":\"tr\"},{\"@type\":\"Organization\",\"@id\":\"https:\/\/keyecommerce.com.tr\/#organization\",\"name\":\"KEY E-Commerce\",\"url\":\"https:\/\/keyecommerce.com.tr\/\",\"logo\":{\"@type\":\"ImageObject\",\"inLanguage\":\"tr\",\"@id\":\"https:\/\/keyecommerce.com.tr\/#\/schema\/logo\/image\/\",\"url\":\"https:\/\/keyecommerce.com.tr\/wp-content\/uploads\/2024\/12\/keyfavicon.png\",\"contentUrl\":\"https:\/\/keyecommerce.com.tr\/wp-content\/uploads\/2024\/12\/keyfavicon.png\",\"width\":512,\"height\":512,\"caption\":\"KEY E-Commerce\"},\"image\":{\"@id\":\"https:\/\/keyecommerce.com.tr\/#\/schema\/logo\/image\/\"},\"sameAs\":[\"https:\/\/x.com\/key_ecommerce\",\"https:\/\/www.instagram.com\/keyecommerce\/\",\"https:\/\/www.linkedin.com\/company\/keyecommerce\/\"]}]}<\/script>\n<!-- \/ Yoast SEO plugin. -->","yoast_head_json":{"title":"\"Nas\u0131l Sat\u0131\u015f Yapabilirim ?\" Sat\u0131\u015f E\u011fitim Kitap\u00e7\u0131\u011f\u0131 - KEY E-Commerce","robots":{"index":"index","follow":"follow","max-snippet":"max-snippet:-1","max-image-preview":"max-image-preview:large","max-video-preview":"max-video-preview:-1"},"canonical":"https:\/\/keyecommerce.com.tr\/?product=nasil-satis-yapabilirim-satis-egitim-kitapcigi","og_locale":"tr_TR","og_type":"article","og_title":"\"Nas\u0131l Sat\u0131\u015f Yapabilirim ?\" Sat\u0131\u015f E\u011fitim Kitap\u00e7\u0131\u011f\u0131 - KEY E-Commerce","og_description":"Y\u00fcz y\u00fcze, telefonla veya kendi platformunuzdan sat\u0131\u015fta ba\u015far\u0131ya ula\u015fman\u0131n form\u00fcl\u00fc elinizde! Bu kitap\u00e7\u0131kla, m\u00fc\u015fterileri ikna eden ve sat\u0131\u015fa d\u00f6n\u00fc\u015ft\u00fcren teknikleri \u00f6\u011frenin.  Bu rehber, profesyonel sat\u0131\u015f d\u00fcnyas\u0131nda kullan\u0131lan en etkili teknikleri pratik ad\u0131mlarla sunar. \u0130ster yeni ba\u015flay\u0131n ister deneyimli olun, bu bilgilerle d\u00f6n\u00fc\u015f\u00fcm oran\u0131n\u0131z\u0131 art\u0131rabilirsiniz. \u0130tirazlar\u0131 f\u0131rsata \u00e7evirmeyi, g\u00fcven olu\u015fturan sat\u0131\u015f dili kullanmay\u0131 ve psikolojik ikna tekniklerini \u00f6\u011frenerek daha fazla sat\u0131\u015f kapatabilirsiniz.  \u00d6ne \u00c7\u0131kan Avantajlar  \u2022 \u2705 \u0130kna edici ileti\u015fim teknikleri  \u2022 \u2705 \u0130tiraz y\u00f6netimi ve d\u00f6n\u00fc\u015f\u00fcm stratejileri  \u2022 \u2705 Sat\u0131\u015f\u0131 sonu\u00e7land\u0131rma y\u00f6ntemleri  \u2022 \u2705 Telefonla sat\u0131\u015f\u0131n incelikleri  \u2022 \u2705 Psikolojik ikna taktikleri  \u2022 \u2705 Haz\u0131r sat\u0131\u015f senaryolar\u0131 ve ad\u0131m ad\u0131m uygulama planlar\u0131  \ud83d\udcbc Sat\u0131\u015fta ustala\u015f\u0131n! Sat\u0131\u015f Kitap\u00e7\u0131\u011f\u0131n\u0131 \u015fimdi edinin, ikna g\u00fcc\u00fcn\u00fcz\u00fc\u00a0art\u0131r\u0131n.","og_url":"https:\/\/keyecommerce.com.tr\/?product=nasil-satis-yapabilirim-satis-egitim-kitapcigi","og_site_name":"KEY E-Commerce","article_modified_time":"2025-08-11T18:23:47+00:00","og_image":[{"width":717,"height":1024,"url":"https:\/\/keyecommerce.com.tr\/wp-content\/uploads\/2025\/08\/Key-Kitapcik-Satis-1-717x1024.png","type":"image\/png"}],"twitter_card":"summary_large_image","twitter_site":"@key_ecommerce","twitter_misc":{"Tahmini okuma s\u00fcresi":"1 dakika"},"schema":{"@context":"https:\/\/schema.org","@graph":[{"@type":"WebPage","@id":"https:\/\/keyecommerce.com.tr\/?product=nasil-satis-yapabilirim-satis-egitim-kitapcigi","url":"https:\/\/keyecommerce.com.tr\/?product=nasil-satis-yapabilirim-satis-egitim-kitapcigi","name":"\"Nas\u0131l Sat\u0131\u015f Yapabilirim ?\" Sat\u0131\u015f E\u011fitim Kitap\u00e7\u0131\u011f\u0131 - KEY E-Commerce","isPartOf":{"@id":"https:\/\/keyecommerce.com.tr\/#website"},"primaryImageOfPage":{"@id":"https:\/\/keyecommerce.com.tr\/?product=nasil-satis-yapabilirim-satis-egitim-kitapcigi#primaryimage"},"image":{"@id":"https:\/\/keyecommerce.com.tr\/?product=nasil-satis-yapabilirim-satis-egitim-kitapcigi#primaryimage"},"thumbnailUrl":"https:\/\/keyecommerce.com.tr\/wp-content\/uploads\/2025\/08\/Key-Kitapcik-Satis-1.png","datePublished":"2025-08-07T12:00:55+00:00","dateModified":"2025-08-11T18:23:47+00:00","breadcrumb":{"@id":"https:\/\/keyecommerce.com.tr\/?product=nasil-satis-yapabilirim-satis-egitim-kitapcigi#breadcrumb"},"inLanguage":"tr","potentialAction":[{"@type":"ReadAction","target":["https:\/\/keyecommerce.com.tr\/?product=nasil-satis-yapabilirim-satis-egitim-kitapcigi"]}]},{"@type":"ImageObject","inLanguage":"tr","@id":"https:\/\/keyecommerce.com.tr\/?product=nasil-satis-yapabilirim-satis-egitim-kitapcigi#primaryimage","url":"https:\/\/keyecommerce.com.tr\/wp-content\/uploads\/2025\/08\/Key-Kitapcik-Satis-1.png","contentUrl":"https:\/\/keyecommerce.com.tr\/wp-content\/uploads\/2025\/08\/Key-Kitapcik-Satis-1.png","width":3584,"height":5120},{"@type":"BreadcrumbList","@id":"https:\/\/keyecommerce.com.tr\/?product=nasil-satis-yapabilirim-satis-egitim-kitapcigi#breadcrumb","itemListElement":[{"@type":"ListItem","position":1,"name":"Home","item":"https:\/\/keyecommerce.com.tr\/"},{"@type":"ListItem","position":2,"name":"Shop","item":"https:\/\/keyecommerce.com.tr\/?page_id=5141"},{"@type":"ListItem","position":3,"name":"&#8220;Nas\u0131l Sat\u0131\u015f Yapabilirim ?&#8221; Sat\u0131\u015f E\u011fitim Kitap\u00e7\u0131\u011f\u0131"}]},{"@type":"WebSite","@id":"https:\/\/keyecommerce.com.tr\/#website","url":"https:\/\/keyecommerce.com.tr\/","name":"KEY E-Commerce","description":"E-ticarette ba\u015far\u0131n\u0131n anahtar\u0131!","publisher":{"@id":"https:\/\/keyecommerce.com.tr\/#organization"},"potentialAction":[{"@type":"SearchAction","target":{"@type":"EntryPoint","urlTemplate":"https:\/\/keyecommerce.com.tr\/?s={search_term_string}"},"query-input":{"@type":"PropertyValueSpecification","valueRequired":true,"valueName":"search_term_string"}}],"inLanguage":"tr"},{"@type":"Organization","@id":"https:\/\/keyecommerce.com.tr\/#organization","name":"KEY E-Commerce","url":"https:\/\/keyecommerce.com.tr\/","logo":{"@type":"ImageObject","inLanguage":"tr","@id":"https:\/\/keyecommerce.com.tr\/#\/schema\/logo\/image\/","url":"https:\/\/keyecommerce.com.tr\/wp-content\/uploads\/2024\/12\/keyfavicon.png","contentUrl":"https:\/\/keyecommerce.com.tr\/wp-content\/uploads\/2024\/12\/keyfavicon.png","width":512,"height":512,"caption":"KEY E-Commerce"},"image":{"@id":"https:\/\/keyecommerce.com.tr\/#\/schema\/logo\/image\/"},"sameAs":["https:\/\/x.com\/key_ecommerce","https:\/\/www.instagram.com\/keyecommerce\/","https:\/\/www.linkedin.com\/company\/keyecommerce\/"]}]}},"jetpack_sharing_enabled":true,"_links":{"self":[{"href":"https:\/\/keyecommerce.com.tr\/index.php?rest_route=\/wp\/v2\/product\/6068","targetHints":{"allow":["GET"]}}],"collection":[{"href":"https:\/\/keyecommerce.com.tr\/index.php?rest_route=\/wp\/v2\/product"}],"about":[{"href":"https:\/\/keyecommerce.com.tr\/index.php?rest_route=\/wp\/v2\/types\/product"}],"replies":[{"embeddable":true,"href":"https:\/\/keyecommerce.com.tr\/index.php?rest_route=%2Fwp%2Fv2%2Fcomments&post=6068"}],"wp:featuredmedia":[{"embeddable":true,"href":"https:\/\/keyecommerce.com.tr\/index.php?rest_route=\/wp\/v2\/media\/6070"}],"wp:attachment":[{"href":"https:\/\/keyecommerce.com.tr\/index.php?rest_route=%2Fwp%2Fv2%2Fmedia&parent=6068"}],"wp:term":[{"taxonomy":"product_brand","embeddable":true,"href":"https:\/\/keyecommerce.com.tr\/index.php?rest_route=%2Fwp%2Fv2%2Fproduct_brand&post=6068"},{"taxonomy":"product_cat","embeddable":true,"href":"https:\/\/keyecommerce.com.tr\/index.php?rest_route=%2Fwp%2Fv2%2Fproduct_cat&post=6068"},{"taxonomy":"product_tag","embeddable":true,"href":"https:\/\/keyecommerce.com.tr\/index.php?rest_route=%2Fwp%2Fv2%2Fproduct_tag&post=6068"}],"curies":[{"name":"wp","href":"https:\/\/api.w.org\/{rel}","templated":true}]}}